actors of 11189?
67, 167
List the prime factors of 92362.
2, 46181
List the prime factors of 594.
2, 3, 11
What are the prime factors of 119601?
3, 97, 137
List the prime factors of 141793.
141793
What are the prime factors of 244?
2, 61
What are the prime factors of 701?
701
What are the prime factors of 42267?
3, 73, 193
List the prime factors of 1473.
3, 491
What are the prime factors of 592?
2, 37
What are the prime factors of 863?
863
List the prime factors of 8574.
2, 3, 1429
List the prime factors of 649.
11, 59
What are the prime factors of 2351?
2351
List the prime factors of 1594.
2, 797
What are the prime factors of 1689?
3, 563
What are the prime factors of 4852?
2, 1213
What are the prime factors of 1552?
2, 97
What are the prime factors of 49247?
11, 37
List the prime factors of 17542.
2, 7, 179
What are the prime factors of 4518?
2, 3, 251
List the prime factors of 807.
3, 269
What are the prime factors of 2219?
7, 317
List the prime factors of 343.
7
List the prime factors of 30540.
2, 3, 5, 509
What are the prime factors of 4798?
2, 2399
What are the prime factors of 49448?
2, 7, 883
List the prime factors of 290.
2, 5, 29
What are the prime factors of 2887?
2887
What are the prime factors of 1320?
2, 3, 5, 11
List the prime factors of 12429.
3, 1381
List the prime factors of 2353.
13, 181
What are the prime factors of 525?
3, 5, 7
List the prime factors of 57383.
57383
What are the prime factors of 16395?
3, 5, 1093
What are the prime factors of 69360?
2, 3, 5, 17
List the prime factors of 86034.
2, 3, 13, 1103
List the prime factors of 4096.
2
What are the prime factors of 8?
2
What are the prime factors of 1990?
2, 5, 199
List the prime factors of 11021.
103, 107
What are the prime factors of 865?
5, 173
What are the prime factors of 2884?
2, 7, 103
List the prime factors of 147482.
2, 37, 1993
What are the prime factors of 132383?
132383
List the prime factors of 4886.
2, 7, 349
What are the prime factors of 1485?
3, 5, 11
List the prime factors of 641.
641
What are the prime factors of 646?
2, 17, 19
List the prime factors of 63869.
13, 17
List the prime factors of 2509.
13, 193
List the prime factors of 13024.
2, 11, 37
List the prime factors of 55237.
7, 13, 607
What are the prime factors of 15755?
5, 23, 137
List the prime factors of 58173.
3, 19391
List the prime factors of 18410.
2, 5, 7, 263
What are the prime factors of 247?
13, 19
List the prime factors of 16459.
109, 151
What are the prime factors of 20549?
20549
What are the prime factors of 1346?
2, 673
List the prime factors of 33788.
2, 8447
What are the prime factors of 900?
2, 3, 5
What are the prime factors of 5247?
3, 11, 53
What are the prime factors of 2682?
2, 3, 149
What are the prime factors of 30225?
3, 5, 13, 31
What are the prime factors of 1461?
3, 487
List the prime factors of 153506.
2, 76753
List the prime factors of 11646.
2, 3, 647
What are the prime factors of 4736?
2, 37
What are the prime factors of 837?
3, 31
What are the prime factors of 20454?
2, 3, 7, 487
List the prime factors of 100441.
11, 23, 397
List the prime factors of 2328.
2, 3, 97
What are the prime factors of 14827?
14827
List the prime factors of 1878.
2, 3, 313
List the prime factors of 16970.
2, 5, 1697
List the prime factors of 2209.
47
List the prime factors of 5372.
2, 17, 79
List the prime factors of 4111.
4111
What are the prime factors of 4698?
2, 3, 29
List the prime factors of 5620.
2, 5, 281
List the prime factors of 621.
3, 23
List the prime factors of 40597.
40597
List the prime factors of 145112.
2, 11, 17, 97
List the prime factors of 1359.
3, 151
What are the prime factors of 8193?
3, 2731
What are the prime factors of 8946?
2, 3, 7, 71
What are the prime factors of 27040?
2, 5, 13
List the prime factors of 9.
3
List the prime factors of 6726.
2, 3, 19, 59
What are the prime factors of 289?
17
What are the prime factors of 23133?
3, 11, 701
What are the prime factors of 1921?
17, 113
List the prime factors of 5651.
5651
List the prime factors of 10149.
3, 17, 199
What are the prime factors of 944?
2, 59
List the prime factors of 1912.
2, 239
What are the prime factors of 6689?
6689
List the prime factors of 392.
2, 7
List the prime factors of 64452.
2, 3, 41, 131
What are the prime factors of 1093?
1093
List the prime factors of 396.
2, 3, 11
What are the prime factors of 15694?
2, 7, 19, 59
What are the prime factors of 2654?
2, 1327
List the prime factors of 72426.
2, 3, 12071
What are the prime factors of 452?
2, 113
What are the prime factors of 214?
2, 107
List the prime factors of 378.
2, 3, 7
List the prime factors of 29555.
5, 23, 257
List the prime factors of 36494.
2, 71, 257
List the prime factors of 1415.
5, 283
List the prime factors of 8650.
2, 5, 173
List the prime factors of 18773.
18773
What are the prime factors of 414?
2, 3, 23
What are the prime factors of 31969?
7, 4567
What are the prime factors of 13367?
13367
List the prime factors of 363.
3, 11
What are the prime factors of 83864?
2, 11, 953
What are the prime factors of 2744?
2, 7
List the prime factors of 950.
2, 5, 19
List the prime factors of 24570.
2, 3, 5, 7, 13
What are the prime factors of 1877?
1877
What are the prime factors of 53170?
2, 5, 13, 409
What are the prime factors of 49820?
2, 5, 47, 53
List the prime factors of 2164.
2, 541
What are the prime factors of 1530?
2, 3, 5, 17
List the prime factors of 109987.
109987
List the prime factors of 2675.
5, 107
What are the prime factors of 743?
743
List the prime factors of 2606.
2, 1303
What are the prime factors of 10937?
10937
What are the prime factors of 902?
2, 11, 41
List the prime factors of 11325.
3, 5, 151
What are the prime factors of 8486?
2, 4243
What are the prime factors of 26326?
2, 13163
List the prime factors of 134305.
5, 26861
List the prime factors of 11715.
3, 5, 11, 71
What are the prime factors of 743?
743
What are the prime factors of 24537?
3, 8179
List the prime factors of 367.
367
List the prime factors of 297.
3, 11
List the prime factors of 23173.
23173
List the prime factors of 88533.
3, 1093
List the prime factors of 37446.
2, 3, 79
What are the prime factors of 10502?
2, 59, 89
What are the prime factors of 1819?
17, 107
List the prime factors of 9853.
59, 167
What are the prime factors of 799?
17, 47
What are the prime factors of 5847?
3, 1949
What are the prime factors of 11659?
89, 131
What are the prime factors of 7322?
2, 7, 523
List the prime factors of 2373.
3, 7, 113
List the prime factors of 12368.
2, 773
What are the prime factors of 20047?
20047
List the prime factors of 27311.
31, 881
What are the prime factors of 4630?
2, 5, 463
What are the prime factors of 3324?
2, 3, 277
List the prime factors of 23803.
13, 1831
List the prime factors of 2820.
2, 3, 5, 47
List the prime factors of 122952.
2, 3, 47, 109
List the prime factors of 672.
2, 3, 7
List the prime factors of 127.
127
List the prime factors of 5701.
5701
List the prime factors of 158005.
5, 31601
List the prime factors of 14994.
2, 3, 7, 17
What are the prime factors of 7203?
3, 7
List the prime factors of 1711.
29, 59
What are the prime factors of 888?
2, 3, 37
What are the prime factors of 116768?
2, 41, 89
List the prime factors of 21255.
3, 5, 13, 109
List the prime factors of 1521.
3, 13
List the prime factors of 51282.
2, 3, 7, 11, 37
What are the prime factors of 8281?
7, 13
What are the prime factors of 1288?
2, 7, 23
List the prime factors of 11543.
7, 17, 97
List the prime factors of 176378.
2, 29, 3041
What are the prime factors of 810?
2, 3, 5
What are the prime factors of 130737?
3, 43579
What are the prime factors of 38212?
2, 41, 233
What are the prime factors of 13923?
3, 7, 13, 17
List the prime factors of 5807.
5807
List the prime factors of 6831.
3, 11, 23
List the prime factors of 10697.
19, 563
List the prime factors of 1810.
2, 5, 181
List the prime factors of 66834.
2, 3, 47, 79
List the prime factors of 100850.
2, 5, 2017
List the prime factors of 34673.
34673
List the prime factors of 26212.
2, 6553
What are the prime factors of 15669?
3, 1741
List the prime factors of 11778.
2, 3, 13, 151
List the prime factors of 1693.
1693
What are the prime factors of 3340?
2, 5, 167
What are the pri